divided by 185?
158
Calculate the remainder when 112905 is divided by 194.
191
What is the remainder when 1587 is divided by 1386?
201
Calculate the remainder when 1641 is divided by 37.
13
Calculate the remainder when 27737 is divided by 3072.
89
Calculate the remainder when 805 is divided by 596.
209
What is the remainder when 286966 is divided by 9565?
16
Calculate the remainder when 553318 is divided by 103.
2
What is the remainder when 223848 is divided by 283?
278
What is the remainder when 7829 is divided by 634?
221
Calculate the remainder when 86569 is divided by 28852.
13
What is the remainder when 5089 is divided by 47?
13
Calculate the remainder when 2214 is divided by 2197.
17
Calculate the remainder when 71882 is divided by 1943.
1934
What is the remainder when 1378 is divided by 528?
322
Calculate the remainder when 5089 is divided by 5081.
8
What is the remainder when 106973 is divided by 64?
29
Calculate the remainder when 1178 is divided by 150.
128
What is the remainder when 38005 is divided by 156?
97
Calculate the remainder when 202757 is divided by 1.
0
What is the remainder when 15204 is divided by 583?
46
What is the remainder when 235379 is divided by 15691?
14
Calculate the remainder when 5134 is divided by 110.
74
Calculate the remainder when 79431 is divided by 1103.
15
What is the remainder when 19645 is divided by 37?
35
Calculate the remainder when 57527 is divided by 11505.
2
What is the remainder when 15239 is divided by 1690?
29
Calculate the remainder when 3045 is divided by 505.
15
What is the remainder when 280111 is divided by 376?
367
What is the remainder when 15462 is divided by 969?
927
What is the remainder when 2183197 is divided by 8?
5
Calculate the remainder when 15271 is divided by 102.
73
Calculate the remainder when 1811 is divided by 235.
166
Calculate the remainder when 122308 is divided by 2264.
52
What is the remainder when 20399 is divided by 130?
119
What is the remainder when 1074 is divided by 610?
464
Calculate the remainder when 26401 is divided by 1099.
25
Calculate the remainder when 16935 is divided by 16485.
450
What is the remainder when 47869 is divided by 15955?
4
What is the remainder when 3395144 is divided by 757?
756
Calculate the remainder when 5050 is divided by 13.
6
What is the remainder when 5072 is divided by 547?
149
What is the remainder when 37261 is divided by 83?
77
Calculate the remainder when 359369 is divided by 54.
53
What is the remainder when 13258 is divided by 1194?
124
Calculate the remainder when 2751 is divided by 740.
531
What is the remainder when 111566 is divided by 39?
26
Calculate the remainder when 12488 is divided by 2995.
508
What is the remainder when 5666 is divided by 2816?
34
Calculate the remainder when 24192 is divided by 92.
88
What is the remainder when 2631 is divided by 2400?
231
What is the remainder when 124699 is divided by 37?
9
Calculate the remainder when 2900052 is divided by 406.
400
What is the remainder when 1820 is divided by 1724?
96
What is the remainder when 20687 is divided by 6889?
20
Calculate the remainder when 7264 is divided by 281.
239
Calculate the remainder when 7189 is divided by 48.
37
What is the remainder when 32323 is divided by 75?
73
What is the remainder when 11743 is divided by 3839?
226
Calculate the remainder when 2379 is divided by 103.
10
Calculate the remainder when 8148 is divided by 278.
86
What is the remainder when 219345 is divided by 73112?
9
Calculate the remainder when 326385 is divided by 12.
9
What is the remainder when 41051 is divided by 26?
23
What is the remainder when 777923 is divided by 63?
62
Calculate the remainder when 5107 is divided by 835.
97
Calculate the remainder when 60963 is divided by 41.
37
Calculate the remainder when 2415 is divided by 308.
259
Calculate the remainder when 103165 is divided by 101.
44
What is the remainder when 3743913 is divided by 339?
336
Calculate the remainder when 29909 is divided by 370.
309
What is the remainder when 670 is divided by 219?
13
What is the remainder when 46093 is divided by 1048?
1029
Calculate the remainder when 14949 is divided by 452.
33
Calculate the remainder when 91406 is divided by 94.
38
Calculate the remainder when 2756 is divided by 331.
108
What is the remainder when 7838 is divided by 71?
28
What is the remainder when 65513 is divided by 79?
22
Calculate the remainder when 104172 is divided by 346.
26
Calculate the remainder when 1886 is divided by 177.
116
Calculate the remainder when 765 is divided by 65.
50
Calculate the remainder when 120537 is divided by 7.
4
Calculate the remainder when 924 is divided by 521.
403
Calculate the remainder when 9467 is divided by 37.
32
What is the remainder when 1832 is divided by 36?
32
Calculate the remainder when 150282 is divided by 1317.
144
What is the remainder when 1217 is divided by 164?
69
Calculate the remainder when 577385 is divided by 288686.
13
Calculate the remainder when 38567 is divided by 97.
58
Calculate the remainder when 23625 is divided by 14.
7
What is the remainder when 1951 is divided by 166?
125
What is the remainder when 37238 is divided by 70?
68
What is the remainder when 2667 is divided by 276?
183
Calculate the remainder when 7209 is divided by 422.
35
What is the remainder when 991 is divided by 326?
13
Calculate the remainder when 19756 is divided by 122.
114
What is the remainder when 426128 is divided by 792?
32
Calculate the remainder when 62340 is divided by 33.
3
What is the remainder when 175227 is divided by 198?
195
What is the remainder when 9890 is divided by 354?
332
Calculate the remainder when 4388 is divided by 2286.
2102
What is the remainder when 2457927 is divided by 901?
900
What is the remainder when 21909 is divided by 137?
126
What is the remainder when 10891 is divided by 1812?
19
Calculate the remainder when 145249 is divided by 2136.
1
Calculate the remainder when 14611 is divided by 14603.
8
What is the remainder when 973 is divided by 33?
16
Calculate the remainder when 8740 is divided by 161.
46
What is the remainder when 57723 is divided by 28856?
11
Calculate the remainder when 52587 is divided by 35.
17
What is the remainder when 6799 is divided by 62?
41
What is the remainder when 12820 is divided by 65?
15
Calculate the remainder when 265061 is divided by 615.
611
Calculate the remainder when 3497 is divided by 99.
32
Calculate the remainder when 3883 is divided by 427.
40
What is the remainder when 3882 is divided by 472?
106
Calculate the remainder when 464587 is divided by 224.
11
What is the remainder when 1411 is divided by 249?
166
What is the remainder when 22694 is divided by 48?
38
Calculate the remainder when 8047 is divided by 1993.
75
Calculate the remainder when 91197 is divided by 21.
15
Calculate the remainder when 5543 is divided by 24.
23
Calculate the remainder when 656116 is divided by 20.
16
What is the remainder when 62164 is divided by 63?
46
Calculate the remainder when 513848 is divided by 50.
48
Calculate the remainder when 7123 is divided by 594.
589
Calculate the remainder when 38353 is divided by 286.
29
What is the remainder when 3110 is divided by 753?
98
Calculate the remainder when 36091 is divided by 325.
16
What is the remainder when 21784 is divided by 184?
72
Calculate the remainder when 82118 is divided by 183.
134
Calculate the remainder when 500 is divided by 163.
11
What is the remainder when 843 is divided by 413?
17
What is the remainder when 920 is divided by 269?
113
What is the remainder when 4443 is divided by 208?
75
Calculate the remainder when 6143 is divided by 281.
242
Calculate the remainder when 46319 is divided by 487.
54
What is the remainder when 114948 is divided by 10?
8
Calculate the remainder when 547 is divided by 355.
192
What is the remainder when 29656 is divided by 86?
72
Calculate the remainder when 87677 is divided by 293.
70
Calculate the remainder when 12182 is divided by 2433.
17
Calculate the remainder when 33060 is divided by 525.
510
What is the remainder when 102995 is divided by 8581?
23
Calculate the remainder when 129555 is divided by 967.
944
Calculate the remainder when 445251 is divided by 628.
627
Calculate the remainder when 15